2?
2444
In base 5, what is 123 - -20?
143
In base 8, what is 4761 + 4?
4765
In base 12, what is 14 + 3b?
53
In base 12, what is 10 + -12?
-2
In base 10, what is 3 - 28?
-25
In base 5, what is 1 + 10240?
10241
In base 7, what is 201 + 33?
234
In base 8, what is -346 + -15?
-363
In base 12, what is 1a - 5?
15
In base 2, what is 101 + 1110000011?
1110001000
In base 3, what is 2102111 - -11?
2102122
In base 14, what is -1 - -57?
56
In base 15, what is -39 - -3?
-36
In base 10, what is 3682 + 1?
3683
In base 5, what is 3220 + 4?
3224
In base 15, what is d41 - 4?
d3c
In base 5, what is 232 + -3?
224
In base 12, what is 14 + -4?
10
In base 3, what is -1021112 + -12?
-1021201
In base 13, what is 590 - -5?
595
In base 6, what is -54 + -301?
-355
In base 13, what is -41 + -16?
-57
In base 12, what is 5 - 2a8?
-2a3
In base 14, what is -120 - 0?
-120
In base 8, what is -3 + -142?
-145
In base 10, what is -532 + 4?
-528
In base 9, what is -2 + -3732?
-3734
In base 9, what is 368 + -4?
364
In base 5, what is 10 + 123?
133
In base 2, what is -10 - -1001100111100?
1001100111010
In base 6, what is 312 + -5?
303
In base 16, what is -34 - 4?
-38
In base 11, what is -24 + -a?
-33
In base 6, what is -43114 + -4?
-43122
In base 13, what is 452 + c?
461
In base 9, what is 5 + -247?
-242
In base 10, what is -51 + 5?
-46
In base 7, what is -206 - -4?
-202
In base 13, what is 4 - -94?
98
In base 16, what is -6 + -148?
-14e
In base 9, what is -5 + 112?
106
In base 13, what is 14 - -2c?
43
In base 6, what is 1111 - 3?
1104
In base 13, what is -1 - -1553?
1552
In base 12, what is 111 + -4?
109
In base 5, what is 2001 - 0?
2001
In base 11, what is 98 + 12?
aa
In base 6, what is 1434 + -2?
1432
In base 2, what is -10001 - -11001?
1000
In base 12, what is -3a + -6?
-44
In base 11, what is -9 + 1?
-8
In base 14, what is 8 + 5?
d
In base 9, what is -5 - -170?
164
In base 6, what is 0 - -111?
111
In base 2, what is -100 + -1001101?
-1010001
In base 12, what is 1960 + -2?
195a
In base 7, what is -1015 + -4?
-1022
In base 10, what is 1 - 64?
-63
In base 3, what is 2 + 10220?
10222
In base 2, what is -110000 + 10001?
-11111
In base 2, what is 11 + 1010110110?
1010111001
In base 3, what is -121220 - 2?
-121222
In base 15, what is -1d9 - 7?
-1e1
In base 15, what is 3 - -b30?
b33
In base 3, what is -2200 + -122?
-10022
In base 10, what is -29 + -9?
-38
In base 12, what is 1 + 60?
61
In base 15, what is -5 - -2a?
25
In base 4, what is 10 + 303?
313
In base 9, what is -453 - 0?
-453
In base 13, what is c - -38?
47
In base 4, what is -12302 + 10?
-12232
In base 13, what is -3 + 93?
90
In base 13, what is 778 + -2?
776
In base 2, what is -111110101 + -1?
-111110110
In base 12, what is 4 + -826?
-822
In base 3, what is 102010 + 12?
102022
In base 16, what is 5 - 1?
4
In base 9, what is -4 + -218?
-223
In base 6, what is 205 + 2?
211
In base 15, what is 0 - 396?
-396
In base 5, what is 10 - -210?
220
In base 11, what is 1242 - 5?
1238
In base 2, what is 1010 - 100?
110
In base 7, what is 2 - -2?
4
In base 13, what is -4 - -5?
1
In base 7, what is -3531 - -5?
-3523
In base 2, what is 11010111 - 0?
11010111
In base 3, what is 10 - 2012?
-2002
In base 15, what is 5de - b?
5d3
In base 13, what is c3 - -28?
11b
In base 15, what is 47 - -a?
52
In base 10, what is 1693 + -5?
1688
In base 10, what is -27 + -90?
-117
In base 12, what is 4 + -48?
-44
In base 8, what is 1 - 127?
-126
In base 9, what is 72 + 118?
201
In base 9, what is 8424 - -1?
8425
In base 6, what is -3 + 4121?
4114
In base 6, what is 14 + 312?
330
In base 13, what is -6 - 1a?
-23
In base 12, what is 2a3 + -5?
29a
In base 15, what is 4 + ac?
b1
In base 14, what is 2c + 9?
37
In base 10, what is 30 + -65?
-35
In base 5, what is -302 - 301?
-1103
In base 6, what is 0 + -504?
-504
In base 7, what is -300 + 4?
-263
In base 11, what is -2 - -7524?
7522
In base 10, what is 1248 + -2?
1246
In base 10, what is -1693 - 3?
-1696
In base 2, what is -10101 + -110011011?
-110110000
In base 5, what is -1012 - 4?
-1021
In base 12, what is 6 - -9?
13
In base 8, what is 13 + 20?
33
In base 13, what is -1 - -a?
9
In base 8, what is 5442 - 3?
5437
In base 4, what is -10 - 122333?
-123003
In base 6, what is -44 - 4?
-52
In base 6, what is 23 + 330?
353
In base 12, what is -10 + 179?
169
In base 7, what is -1 + 240?
236
In base 11, what is 89 + -3?
86
In base 9, what is 4 + 400?
404
In base 7, what is -211 + -342?
-553
In base 9, what is -1 - -263?
262
In base 9, what is 4 + -236?
-232
In base 16, what is 49 + -61?
-18
In base 9, what is -2 - -34?
32
In base 11, what is -16 + 6a?
54
In base 12, what is 4 - -89?
91
In base 5, what is 10 + -132?
-122
In base 7, what is 464 + 16?
513
In base 6, what is -13024 - -5?
-13015
In base 6, what is 2 + 2024?
2030
In base 7, what is 34 + -3?
31
In base 3, what is -1111121 - -2?
-1111112
In base 6, what is -11 + -20414?
-20425
In base 15, what is 30 - 5?
2a
In base 3, what is 10 - 1200?
-1120
In base 10, what is -1 - -96?
95
In base 16, what is 5238 + 3?
523b
In base 10, what is -4012 - -4?
-4008
In base 13, what is -1a - 27c?
-299
In base 5, what is 1 - -11?
12
In base 14, what is 4b + 14?
61
In base 12, what is -4 - -36?
32
In base 14, what is 21 + 245?
266
In base 15, what is -43e + 2?
-43c
In base 5, what is 241 - 0?
241
In base 12, what is 2 - 62?
-60
In base 11, what is 3 + 2202?
2205
In base 7, what is 1 - 50?
-46
In base 4, what is -302 - -1223?
321
In base 9, what is -76 + -42?
-128
In base 8, what is 21 - 4?
15
In base 6, what is 2 - 30?
-24
In base 15, what is -10c - -3?
-109
In base 10, what is -1420 + 8?
-1412
In base 12, what is 2410 - -1?
2411
In base 13, what is 4 + 15?
19
In base 16, what is 5 + -116?
-111
In base 13, what is -693 - -3?
-690
In base 13, what is -3 + -5b0?
-5b3
In base 4, what is -22031100 - 2?
-22031102
In base 4, what is 1 - 30222?
-30221
In base 3, what is -11002 + 11?
-10221
In base 13, what is 53c - -a?
549
In base 16, what is -2 + aa?
a8
In base 11, what is -60 + 255?
1a5
In base 11, what is 46 - 1?
45
In base 13, what is -1 + -17?
-18
In base 8, what is -131 + -7?
-140
In base 9, what is 10575 + 1?
10576
In base 14, what is 1 - -41?
42
In base 7, what is -2 + 2440?
2435
In base 5, what is -103 - -2002?
1344
In base 8, what is -7 + -234?
-243
In base 12, what is 2 + -136?
-134
In base 10, what is 3 - -4266?
4269
In base 16, what is -271 - 2?
-273
In base 6, what is 5 - -51?
100
In base 5, what is -4 + -24414?
-24423
In base 10, what is 1100 - -4?
1104
In base 14, what is a + -17?
-b
In base 4, what is 11 + 3?
20
In base 4, what is -2132 - 33?
-2231
In base 6, what is -15331 - 3?
-15334
In base 8, what is -375 - 1?
-376
In base 12, what is 2 + -b3?
-b1
In base 11, what is -477 - 1?
-478
In base 5, what is 1 + 12002?
12003
In base 12, what is -572 + -3?
-575
In base 8, what is 6 - 304?
-276
In base 10, what is 16 - -317?
333
In base 8, what is -252 - 15?
-267
In base 16, what is 7 - 2f?
-28
In base 12, what is 18b - -2?
191
In base 7, what is -165 - 4?
-202
In base 11, what is -6 + -801?
-807
In base 15, what is 943 + 0?
943
In base 8, what is -22021 - 0?
-22021
In base 4, what is -2 + 323323?
323321
In base 13, what is 0 + -21?
-21
In base 13, what is 1 + -94?
-93
In base 13, what is 140 + 4?
144
In base 9, what is 106 - 2?
104
In base 14, what is 25 + 2d?
54
In base 12, what is 2 + -12?
-10
In base 2, what is -1 + 10101101?
10101100
In base 15, what is -9 - -1b?
12
In base 4, what is -10 + 1110?
1100
In base 16, what is 0 + 471?
471
In base 9, what is -24 - -173?
148
In base 13, what is ca + -3?
c7
In base 3, what is 1 - -201112?
201120
In base 8, what is 10 + 30?
40
In base 15, what is -7e + 6?
-78
In base 15, what is 0 + 10?
10
In base 3, what is -100101 + 0?
-100101
In base 5, what is -2 + -10?
-12
In base 11, what is 3a5 - 10?
395
In base 12, what is 206b + 4?
2073
In base 6, what is 400 - 1?
355
In base 13, what is 222c + 2?
2231
In base 10, what is -16194 + -2?
-16196
In base 3, what is -120012 - 12?
-120101
In base 16, what is -1195 - -1?
-1194
In base 5, what is -1301 + 4?
-1242
In base 5, what is 121133 + 2?
121140
In base 5, what is 1 - 14211?
-14210
In base 7, what is 4 - -252?
256
In base 7, what is 121 + 5?
126
In base 9, what is 4 + -481?
-476
In base 9, wha